-125 + (4 + -8 - (-195 + 157)).
-91
What is (78 - (-46 - -103)) + -11 + -10?
0
What is the value of -32 - (-34 + 45) - -52?
9
What is 9 + 11 + (8 - 27) + 42?
43
Calculate 1 - (-8 + 9 - (10 + -13 + -3)).
-6
12 - -6 - 24 - (16 - (-5 + 12))
-15
Evaluate 1 + -1 + (10 + (-18 - -32) - 28).
-4
19 + (-15 - (-45 - (-16 + -14)))
19
-2 + 67 + (-20 - 60) + 49
34
What is 36 - -15 - 44 - 54?
-47
What is (-44 - (-108 + 69)) + (-3 - -2 - -99)?
93
Calculate -3 - ((-112 - (-22 - 98)) + 1 + -7).
-5
(-3 - 28) + (2 - (-11 + 8))
-26
What is the value of (-47 - -33) + 46 - -37?
69
24 + (-2 + 0 - (122 - 124))
24
What is (91 - 39) + (-4 + -8 - 9)?
31
What is -6 - ((73 - 68) + (0 - 66) - 1)?
56
What is -53 - (38 + -30 + -53 - -15)?
-23
What is (22 - 13) + 41 - (-25 - -42)?
33
What is the value of (-9 - (8 - (7 + -65))) + 30 + -28?
-73
Evaluate -13 + 5 + -45 + 39 + 4 + 90.
80
What is 8 + -7 + 17 - (-72 + 72 - (-10 + -1))?
7
Calculate 10 + (2 - 0) + (33 - 28 - -16).
33
Evaluate -64 + 5 + 31 + 6 + -34.
-56
5 - (20 - 8) - (-72 - 15)
80
What is 6 - (-16 + -2 - (42 - (19 - -127)))?
-80
Calculate -1 + -1 + 2 + -2 + (74 - 67) + 11.
16
What is (-4 + 6 - 4) + 36 + -24 + 44 + -10?
44
Evaluate 0 - 55 - ((1 + 14 + -10 - 14) + 8).
-54
(57 + -36 - -13 - -51) + 9
94
-21 + (45 - 23) + 69 - (11 + 1)
58
Calculate (-20 - 19 - -19 - -16 - -5) + 134.
135
-18 - (19 + (-41 - 4) + -48)
56
What is 2 + -1 - 57 - (-43 - (-66 + 31))?
-48
22 + (50 + 14 - 40)
46
Evaluate -8 - (-13 + 14 + 5 + (5 - 22)).
3
Calculate -155 + 40 + (-1 - -7) + 4.
-105
Evaluate 14 + -34 - (2 + 68 - 214).
124
Calculate 113 + (57 - -13) + -116.
67
What is the value of (-163 - -122) + (-3 - 5 - -18)?
-31
Calculate 3 + 72 + (140 + 10 - 192).
33
What is the value of 84 - (56 + (-60 - -49))?
39
(311 - 451) + (-4 + 6 - (2 + -1) - -12)
-127
-17 - (-29 - (29 + -7 + -26))
8
1 + (-5 - -13 - -6) - (-7 - (-20 + 9))
11
Evaluate 16 - (36 + -40 + 8 + -19 + 8).
23
What is (15 - -10) + -20 + 12 + (5 - 5)?
17
Calculate 48 + (-12 - 5) + (-20 - -9 - -3).
23
Calculate (111 - 35 - 16) + -36.
24
Evaluate (2 - 15 - (47 + -39)) + -4.
-25
Calculate -10 - (31 - ((-13 - -7) + (19 - 15))).
-43
Evaluate -43 + (199 - (-97 - -188)).
65
What is the value of (0 - -5) + -1 + (-7 - 6) - (-98 - -78)?
11
Calculate 16 - (-41 + (31 - -11)) - -45.
60
What is the value of (-6 - -24) + 7 + -5 + -60?
-40
Calculate -3 + (0 + 47 + -23 - 12).
9
Calculate 43 + -42 + -54 + 68.
15
38 + 4 - (148 + -106 - 39)
39
Evaluate 20 - ((98 - -20) + -56).
-42
Evaluate 5 + 10 + -24 + 5 + 62.
58
-85 + -7 - ((6 - 8 - -7) + -1)
-96
Calculate -2 + (-3 - -3 - (0 + -5)) + (-5146 - -5158).
15
What is the value of (116 - (119 + -23)) + -1 + 24?
43
What is the value of (7 - 14) + (-1 + -4 - -12 - 32) + 2?
-30
Evaluate 36 + (-23 - -66) + -50.
29
(0 - 114) + (-24 - -26 - 6) + 10
-108
0 - (-1 - 38) - (-33 + 37) - (-4715 - -4719)
31
What is 4 + -3 + 4 - ((8 - (0 + 40)) + 13)?
24
39 - (-15 - -49) - (-1 + 12 - 1) - -17
12
What is the value of -312 + 307 + -24 + 0 + 1 - 10?
-38
46 + -82 + 156 + -119
1
What is -27 + 14 + 0 + ((10 - 10) + -9 - -109)?
87
Calculate (103 - (-8 + 2)) + (-756 - -720).
73
What is 0 - -117 - ((25 + 38 - 89) + 12)?
131
What is -15 - (-12 + (-5 - -4)) - -18 - 28?
-12
What is the value of ((0 - -15) + -16 + -5 - 1) + -1 - -132?
124
What is 46 + -68 + -16 + 20?
-18
Evaluate 51 + (-9 - -6) + 5 + 40 + -42.
51
(-2 + -15 - (-46 - -34)) + (-40 - (-5 - -1))
-41
What is 15 - (-124 - -75) - (9 - -3)?
52
What is (-8 - (20 - (16 + 8))) + (-1 - -29)?
24
Evaluate 4 + -1 - (3 - (-8 + 10 - 17)).
-15
What is 2 + (-3 + -14 - (223 - 231)) - (-1 - 79)?
73
What is the value of 24 + (20 - (-8 - -12) - 32)?
8
-81 + 147 - 77 - (-1 + 32 - -2)
-44
Evaluate (8 - 59) + 38 + 26.
13
Evaluate -2506 + 2501 - (1 + 0 + -2) - -39.
35
Calculate -1773 - -1617 - (9 - 62).
-103
Calculate 20 - (17 - (32 - 20) - -71).
-56
What is (3 - 0) + -2 + -10 + (15 - (95 - 31))?
-58
Calculate (63 - -31 - 27) + 2.
69
Evaluate 42 + -8 + 4 + (28 - 0).
66
Calculate 43 + (10 - 15 - 12).
26
What is the value of -4 - (1 + 0 + -10 + 58 + (-2 - -52))?
-103
Evaluate -277 - -372 - (-40 - 0) - 36.
99
Evaluate 0 + -2 + 3 - (2 - (8 + -2) - -32).
-27
28 + (14 - 18) + 16 + (-2 - 1)
37
(-26 - -5) + 3 + -12
-30
Calculate 5 + (-36 - (-6 - (-15 + 15 + -10 - -17))).
-18
Calculate -3 + (-4 - -20) - (-1 + (-54 - -12)).
56
Evaluate -8 - (44 + -7 + -11).
-34
What is the value of -146 + 230 + (-94 - -34)?
24
Calculate 13 + -4 - (1 + -4 - (-5 - 2)).
5
1 + (-1 - -2) + (35 - 79 - -41) + 31
30
What is 1 + -61 - (11 + -44 - -48 - (2 - -21))?
-52
3 + 1 - (-39 + (25 - 6 - 16))
40
16 + -5 - (48 + -16) - 25
-46
(-16 - 9 - 37 - -25) + 97
60
What is the value of 27 - (36 - (74 - (32 - 0)))?
33
5 + (7 - 7) - (53 - 53) - (-120 - -2)
123
Evaluate -100 + 8 - (104 - (-19 - -85)).
-130
17 + -34 + 78 + -149 + -2 + -2 + 4
-88
Calculate 2 - (1 + -7 - -1 - (525 - 606)).
-74
What is the value of (-19 - 0) + 4 + (-351 - -407)?
41
Calculate -21 + -18 + 55 - 5 - 8.
3
-35 + -62 + -31 + 95 + -35
-68
51 - (-8 - (-2 + (-1 - 2) + (25 - 23)))
56
(45 + (2 - -1) - -1) + 46 + (-14 - 33)
48
75 + 10 - (-5 + -1 + 31)
60
What is the value of 28 - ((-19 + -19 - -48) + -35)?
53
Calculate -14 + (-17 - (-35 + 16) - -2).
-10
Calculate 4 - (-64 + 9) - 92.
-33
(-3 + 0 + 2 - -2 - -6) + -11 + 67
63
Calculate (-41 - -120 - -8) + -42.
45
What is the value of (-32 + (-15 - -39) - 12) + -34?
-54
What is the value of -148 - -123 - (-16 - 93 - -2)?
82
Evaluate -11 + 23 + 0 + 2 + 5 + -10 + -39.
-30
8 - (-40 + 26 + 16 + -90)
96
What is the value of -97 + (21 + 55 + -56 - (1 - -34))?
-112
What is -47 + (-13 + 18 - 30 - 2)?
-74
What is 7 + -5 - ((-3 + (-13 - -5) - -3) + 71)?
-61
Evaluate (-6 - -4) + (12 + 13 - 87) + (-2 - 14).
-80
Calculate (-36 - (-45 - -27)) + 20.
2
Evaluate -103 + 66 + (6 - 1) + (36 - 35).
-31
Evaluate -78 - (52 - -8) - -81.
-57
Evaluate (-9 + (-3 - -25) - 106) + -17 - -13.
-97
What is -23 + 10 + -5 + -49 + 29 + -22?
-60
What is 37 + -30 + (19 - 8)?
18
-29 + -24 - (157 + -204)
-6
What is 11 + 27 + (-11 - -14 - -11)?
52
Evaluate (54 - -13 - 72) + -40.
-45
What is the value of 86 - (-81 - (-167 - -89))?
89
40 + (17 - (-28 + 99))
-14
What is the value of 37 - (160 + (50 + -23 - 47))?
-103
Calculate (251 - 125 - 55) + (1 - 0).
72
What is -20362 - -20364 - (-1 - 87)?
90
Evaluate 169 + 5 + -65 + 23 - 34.
98
Calculate 10 + 13 - (-17 - (30 + -42)).
28
(-33 + 1 - -25 - (-95 + 0)) + (0 - -9)
97
What is the value of -30 + 6 - -19 - (5 - (-5 - (-3 + 89)))?
-101
What is the value of 37 - ((22 - 6) + -9)?
30
Calculate (26 + -51 - -57) + -3 + 18.
47
Evaluate -1 + 5 + -9 + 18 + (-58 + -6 - -6).
-45
-49 + 53 + (-13 - -12) + 44
47
What is -40 + -3 + 316 + -276?
-3
Evaluate (9 - -1) + 108 + (-44 - -33 - (2 + -9)).
114
(45 - (31 + 8 + 34)) + -29
-57
Calculate -2 + 2 + (45 - -44) + -12.
77
Calculate 14 + ((54 - 30) + -111 - (11 + -6 + -18)).
-60
Calculate 16 + -80 + 62 - (54 - -1) - 7.
-64
Evaluate 5 - (100 - 105 - (10 - 2)) - 89.
-71
Evaluate (17 - 4) + -20 - 8 - -42.
27
Calculate -124 - -48 - (1 + -37).
-40
What is the value of (19 + -7 - -1 - 26) + -30?
-43
What is (15 - (3 + 11 + (-16 - 130))) + -23?
124
What is the value of 4 + -37 + 5 + (23 - 15 - 13)?
-33
What is the value of (-107 + 124 - -7) + -1 + 20?
43
Evaluate 23 - 15 - (0 - (-6 + 1) - (1808 - 1839)).
-28
What is the value of 30 + (-36 - -10 - -18)?
22
-103 + (-5 - -154) + 26
72
Evaluate -32 + -22 - (-59 - 1).
6
What is the value of 29 + (-1 + -14 - (-69 + 113 - 61))?
31
Evaluate 27 + -6 + -27 + -36 + (18 - 40).
-64
Calculate -4 + (-73 + -5 - -4) + -20 + -9 + 27.
-80
Calculate (-1 - (3 - (21 + -4))) + -7 + -36.
-30
Evaluate (-4 - -1) + -10 + (5 - -16) - -4.
12
What is -1 + (2 - 5) - (-3 + (64 - 57))?
-8
-88 - (-7 - (-22 - -59))
-44
Calculate -4 + -37 + -3 + (17 - -23) + -37.
-41
Calculate 50 + (36 - 16 - 27) + 12.
55
Evaluate (-39 - 60 - -96) + 15 + 0 + -1.
11
Calculate (12 - (50 - (27 + -22))) + 7.
-26
What is 31 - (10 - 16 - -19) - -15?
33
Evaluate (-26 - 50) + 23 - -12.
-41
What is the value of -2 - 14 - (70 - 143 - -66)?
-9
-100 - ((251 + -219 - (19 + -2)) + 0 + -19)
-96
What is the value of (-145 - -159 - (9 + 0)) + -10 - -19?
14
Calculate -1 + 5 - (244 + -259) - 109.
-90
Calculate 14 - (44 - ((259 - 254) + 3 + -1)).
-23
Evaluate 19 + 1 + 